{"id":125,"date":"2012-05-04T13:16:30","date_gmt":"2012-05-04T13:16:30","guid":{"rendered":"http:\/\/www.vocanson-prod.fr\/v3\/?page_id=125"},"modified":"2018-10-12T12:03:40","modified_gmt":"2018-10-12T12:03:40","slug":"a-propos","status":"publish","type":"page","link":"https:\/\/www.vocanson-prod.fr\/v3\/a-propos\/","title":{"rendered":"Pour en savoir plus"},"content":{"rendered":"<h3 style=\"text-align: center;\">\u00a0J\u00e9r\u00f4me VOCANSON &#8211; Designer graphique<\/h3>\n<p>En freelance depuis 1998, je propose aux entreprises un processus de cr\u00e9ation personnalis\u00e9e tout en gardant un service \u00e0 dimension humaine. Mes \u00e9tudes de 5 ans en design graphique et mon exp\u00e9rience professionnelle me permettent d&rsquo;intervenir dans plusieurs domaines et de fournir un service adapt\u00e9e et une qualit\u00e9 de documents.<\/p>\n<p>Je cherche avant tout \u00e0 cr\u00e9er une relation positive et durable avec mes clients afin de proposer un v\u00e9ritable guidage graphique \u00e0 une entreprise. Pour cr\u00e9er une v\u00e9ritable identit\u00e9 visuelle, la charte graphique doit \u00eatre respect\u00e9e et d\u00e9velopp\u00e9e sur l&rsquo;ensemble des documents internes et externes. Je peux vous proposer un travail de direction artistique, de cr\u00e9ation et de r\u00e9alisation sur l&rsquo;ensemble d&rsquo;une gamme de documents (logo, cartes de visite, t\u00eates de lettre, plaquettes, affiches, flyers, site web&#8230;) afin d&rsquo;obtenir une coh\u00e9rence entre votre entreprise et son image.<\/p>\n<p>Passionn\u00e9 d&rsquo;images de synth\u00e8se depuis plus de 20 ans, je propose aussi de la cr\u00e9ation d&rsquo;illustrations 3D ou du films institutionnels ou publicitaires en 3D.<\/p>\n<p>Je travaille aussi avec d&rsquo;autres graphistes 2D ou 3D quand le projet le demande.<\/p>\n<p>Bref, n&rsquo;h\u00e9sitez pas \u00e0 prendre contact avec moi, je serais heureux de r\u00e9pondre \u00e0 vos questions et demandes de devis.<\/p>\n<hr \/>\n<p><img decoding=\"async\" loading=\"lazy\" class=\"alignleft\" title=\"J\u00e9r\u00f4me VOCANSON - Designer Freelance\" src=\"http:\/\/www.vocanson-prod.fr\/v3\/images\/equipe\/jerome.jpg\" alt=\"Creation graphique - Communication - Infographie 3D\" width=\"200\" height=\"250\" \/><strong>Comp\u00e9tences :<br \/>\n<\/strong>Direction artistique &#8211; Cr\u00e9ation d&rsquo;identit\u00e9 visuelle &#8211; Design graphique &#8211; Design produit &#8211; Illustration 3D &#8211; R\u00e9alisation de films institutionnels ou publicitaires &#8211; Site Web design (WordPress uniquement)<\/p>\n<p><strong>N\u00e9 le<\/strong> 06.09.1973<br \/>\n<strong>Formation :<\/strong> E.S.D.I. (Bac+5) &#8211; Ecole Sup\u00e9rieure de Design Industriel<br \/>\n<strong>Exp\u00e9rience :<\/strong> Ad Hoc Design (Agence de design), Micro\u00efds (Editeur de jeux vid\u00e9os) &#8211; Projets graphiques pour des grands comptes, PMEs, associations et auto-entrepreneurs.<br \/>\n<strong>Statut :<\/strong> Freelance (INSEE) depuis 1998 &#8211; Inscrit \u00e0 un centre gestion agr\u00e9\u00e9<br \/>\n<strong>N\u00b0 d&rsquo;INSEE :<\/strong> 418 701 199 00014<br \/>\n<strong>N\u00b0 de TVA Intracommunautaire :<\/strong> FR72418701199<\/p>\n<p>&nbsp;<\/p>\n<hr \/>\n<p><a href=\"http:\/\/www.vocanson-prod.fr\/v3\/wp-content\/uploads\/2018\/10\/ui_typo_01.jpg\" rel=\"lightbox-0\"><img decoding=\"async\" loading=\"lazy\" class=\"alignnone wp-image-12257 size-full\" src=\"http:\/\/www.vocanson-prod.fr\/v3\/wp-content\/uploads\/2018\/10\/ui_typo_01.jpg\" alt=\"\" width=\"1280\" height=\"640\" srcset=\"https:\/\/www.vocanson-prod.fr\/v3\/wp-content\/uploads\/2018\/10\/ui_typo_01.jpg 1280w, https:\/\/www.vocanson-prod.fr\/v3\/wp-content\/uploads\/2018\/10\/ui_typo_01-250x125.jpg 250w, https:\/\/www.vocanson-prod.fr\/v3\/wp-content\/uploads\/2018\/10\/ui_typo_01-450x225.jpg 450w, https:\/\/www.vocanson-prod.fr\/v3\/wp-content\/uploads\/2018\/10\/ui_typo_01-768x384.jpg 768w, https:\/\/www.vocanson-prod.fr\/v3\/wp-content\/uploads\/2018\/10\/ui_typo_01-900x450.jpg 900w, https:\/\/www.vocanson-prod.fr\/v3\/wp-content\/uploads\/2018\/10\/ui_typo_01-150x75.jpg 150w\" sizes=\"(max-width: 1280px) 100vw, 1280px\" \/><\/a><\/p>\n","protected":false},"excerpt":{"rendered":"<p>\u00a0J\u00e9r\u00f4me VOCANSON &#8211; Designer graphique En freelance depuis 1998, je propose aux entreprises un processus de cr\u00e9ation personnalis\u00e9e tout en gardant un service \u00e0 dimension humaine. Mes \u00e9tudes de 5 ans en design graphique et mon exp\u00e9rience professionnelle me permettent &hellip; <a class=\"kt-excerpt-readmore more-link\" href=\"https:\/\/www.vocanson-prod.fr\/v3\/a-propos\/\">Read More<\/a><\/p>\n","protected":false},"author":2,"featured_media":0,"parent":0,"menu_order":0,"comment_status":"closed","ping_status":"open","template":"","meta":{"kt_blocks_editor_width":"","_monsterinsights_skip_tracking":false,"_monsterinsights_sitenote_active":false,"_monsterinsights_sitenote_note":"","_monsterinsights_sitenote_category":0},"_links":{"self":[{"href":"https:\/\/www.vocanson-prod.fr\/v3\/wp-json\/wp\/v2\/pages\/125"}],"collection":[{"href":"https:\/\/www.vocanson-prod.fr\/v3\/wp-json\/wp\/v2\/pages"}],"about":[{"href":"https:\/\/www.vocanson-prod.fr\/v3\/wp-json\/wp\/v2\/types\/page"}],"author":[{"embeddable":true,"href":"https:\/\/www.vocanson-prod.fr\/v3\/wp-json\/wp\/v2\/users\/2"}],"replies":[{"embeddable":true,"href":"https:\/\/www.vocanson-prod.fr\/v3\/wp-json\/wp\/v2\/comments?post=125"}],"version-history":[{"count":6,"href":"https:\/\/www.vocanson-prod.fr\/v3\/wp-json\/wp\/v2\/pages\/125\/revisions"}],"predecessor-version":[{"id":12261,"href":"https:\/\/www.vocanson-prod.fr\/v3\/wp-json\/wp\/v2\/pages\/125\/revisions\/12261"}],"wp:attachment":[{"href":"https:\/\/www.vocanson-prod.fr\/v3\/wp-json\/wp\/v2\/media?parent=125"}],"curies":[{"name":"wp","href":"https:\/\/api.w.org\/{rel}","templated":true}]}}

<h3 style="text-align: center;"> Jérôme VOCANSON &#8211; Designer graphique</h3>
<p>En freelance depuis 1998, je propose aux entreprises un processus de création personnalisée tout en gardant un service à dimension humaine. Mes études de 5 ans en design graphique et mon expérience professionnelle me permettent d&rsquo;intervenir dans plusieurs domaines et de fournir un service adaptée et une qualité de documents.</p>
<p>Je cherche avant tout à créer une relation positive et durable avec mes clients afin de proposer un véritable guidage graphique à une entreprise. Pour créer une véritable identité visuelle, la charte graphique doit être respectée et développée sur l&rsquo;ensemble des documents internes et externes. Je peux vous proposer un travail de direction artistique, de création et de réalisation sur l&rsquo;ensemble d&rsquo;une gamme de documents (logo, cartes de visite, têtes de lettre, plaquettes, affiches, flyers, site web&#8230;) afin d&rsquo;obtenir une cohérence entre votre entreprise et son image.</p>
<p>Passionné d&rsquo;images de synthèse depuis plus de 20 ans, je propose aussi de la création d&rsquo;illustrations 3D ou du films institutionnels ou publicitaires en 3D.</p>
<p>Je travaille aussi avec d&rsquo;autres graphistes 2D ou 3D quand le projet le demande.</p>
<p>Bref, n&rsquo;hésitez pas à prendre contact avec moi, je serais heureux de répondre à vos questions et demandes de devis.</p>
<hr />
<p><img decoding="async" loading="lazy" class="alignleft" title="Jérôme VOCANSON - Designer Freelance" src="http://www.vocanson-prod.fr/v3/images/equipe/jerome.jpg" alt="Creation graphique - Communication - Infographie 3D" width="200" height="250" /><strong>Compétences :<br />
</strong>Direction artistique &#8211; Création d&rsquo;identité visuelle &#8211; Design graphique &#8211; Design produit &#8211; Illustration 3D &#8211; Réalisation de films institutionnels ou publicitaires &#8211; Site Web design (WordPress uniquement)</p>
<p><strong>Né le</strong> 06.09.1973<br />
<strong>Formation :</strong> E.S.D.I. (Bac+5) &#8211; Ecole Supérieure de Design Industriel<br />
<strong>Expérience :</strong> Ad Hoc Design (Agence de design), Microïds (Editeur de jeux vidéos) &#8211; Projets graphiques pour des grands comptes, PMEs, associations et auto-entrepreneurs.<br />
<strong>Statut :</strong> Freelance (INSEE) depuis 1998 &#8211; Inscrit à un centre gestion agréé<br />
<strong>N° d&rsquo;INSEE :</strong> 418 701 199 00014<br />
<strong>N° de TVA Intracommunautaire :</strong> FR72418701199</p>
<p>&nbsp;</p>
<hr />
<p><a href="http://www.vocanson-prod.fr/v3/wp-content/uploads/2018/10/ui_typo_01.jpg" rel="lightbox-0"><img decoding="async" loading="lazy" class="alignnone wp-image-12257 size-full" src="http://www.vocanson-prod.fr/v3/wp-content/uploads/2018/10/ui_typo_01.jpg" alt="" width="1280" height="640" srcset="https://www.vocanson-prod.fr/v3/wp-content/uploads/2018/10/ui_typo_01.jpg 1280w, https://www.vocanson-prod.fr/v3/wp-content/uploads/2018/10/ui_typo_01-250x125.jpg 250w, https://www.vocanson-prod.fr/v3/wp-content/uploads/2018/10/ui_typo_01-450x225.jpg 450w, https://www.vocanson-prod.fr/v3/wp-content/uploads/2018/10/ui_typo_01-768x384.jpg 768w, https://www.vocanson-prod.fr/v3/wp-content/uploads/2018/10/ui_typo_01-900x450.jpg 900w, https://www.vocanson-prod.fr/v3/wp-content/uploads/2018/10/ui_typo_01-150x75.jpg 150w" sizes="(max-width: 1280px) 100vw, 1280px" /></a></p>

<p> Jérôme VOCANSON &#8211; Designer graphique En freelance depuis 1998, je propose aux entreprises un processus de création personnalisée tout en gardant un service à dimension humaine. Mes études de 5 ans en design graphique et mon expérience professionnelle me permettent &hellip; <a class="kt-excerpt-readmore more-link" href="https://www.vocanson-prod.fr/v3/a-propos/">Read More</a></p>
