{"id":18,"date":"2012-04-30T07:44:24","date_gmt":"2012-04-30T07:44:24","guid":{"rendered":"http:\/\/www.vocanson-prod.fr\/v3\/?page_id=18"},"modified":"2018-10-30T12:09:24","modified_gmt":"2018-10-30T12:09:24","slug":"clients","status":"publish","type":"page","link":"https:\/\/www.vocanson-prod.fr\/v3\/clients\/","title":{"rendered":"Clients"},"content":{"rendered":"<p>Je travaille aussi bien avec des grands groupes qu&rsquo;avec des PME, des associations, des auto-entrepreneurs ou encore des organismes d&rsquo;\u00e9tat. Je r\u00e9alise des projets de toutes tailles et en tous genres utilisant des comp\u00e9tences diff\u00e9rentes. Mon m\u00e9tier consiste \u00e0 m&rsquo;adapter \u00e0 la demande et \u00e0 fournir un travail cr\u00e9atif unique et qualitatif. Voici une liste non exhaustive des clients qui m&rsquo;ont fait confiance :<\/p>\n<ul>\n<li><a href=\"http:\/\/www.vocanson-prod.fr\/v3\/portfolio_tag\/abital\/\">Abital<\/a><\/li>\n<li>AD HOC Design<\/li>\n<li>AICEF <em>&#8211; Association pour l&rsquo;Information des Cadres des Entreprises et la Formation continue<\/em><\/li>\n<li><a href=\"http:\/\/www.vocanson-prod.fr\/v3\/portfolio_tag\/aive\/\">AIVE<\/a> <em>&#8211; Assocaition Interm\u00e9diaire Vers l&rsquo;Emploi<\/em><\/li>\n<li>Aria Sound Design<\/li>\n<li>Montparnass Multimedia<\/li>\n<li><a href=\"http:\/\/www.vocanson-prod.fr\/v3\/portfolio_tag\/artistique-image\/\">Artistique Image<\/a><\/li>\n<li><a href=\"http:\/\/www.vocanson-prod.fr\/v3\/portfolio_tag\/asmussen-conseil\/\">Asmussen Conseil<\/a><\/li>\n<li>CIORTF <em>&#8211; Comit\u00e9 Inter-entreprises des Organismes de Radio et T\u00e9l\u00e9vision Fran\u00e7aise<\/em><\/li>\n<li>Computer Arts<\/li>\n<li>C Comme C<\/li>\n<li>Creapole<\/li>\n<li>Dassault<\/li>\n<li>Dior<\/li>\n<li>Disney<\/li>\n<li><a href=\"http:\/\/www.vocanson-prod.fr\/v3\/portfolio_tag\/edf\/\">EDF<\/a><\/li>\n<li>EIE <em>&#8211; Espace Info Energie<\/em><\/li>\n<li><a href=\"http:\/\/www.vocanson-prod.fr\/v3\/portfolio_tag\/feldenfrais-france\/\">FeldenKrais France<\/a><\/li>\n<li><a href=\"http:\/\/www.vocanson-prod.fr\/v3\/portfolio_tag\/frans-bonhomme\/\">Frans Bonhomme<\/a><\/li>\n<li><a href=\"http:\/\/www.vocanson-prod.fr\/v3\/portfolio_tag\/ica\/\">ICA<\/a><\/li>\n<li><a href=\"http:\/\/www.vocanson-prod.fr\/v3\/portfolio_tag\/idemu\/\">IDEMU<\/a><\/li>\n<li>Kodak PG<\/li>\n<li><a href=\"http:\/\/www.vocanson-prod.fr\/v3\/portfolio_tag\/loreal\/\">L&rsquo;Oreal<\/a><\/li>\n<li><a href=\"http:\/\/www.vocanson-prod.fr\/v3\/portfolio_tag\/mediavipp91\/\">MEDIAVIPP91<\/a><\/li>\n<li><a href=\"http:\/\/www.vocanson-prod.fr\/v3\/portfolio_tag\/monte-cristo-games\/\">Monte Cristo Games<\/a><\/li>\n<li>Nadeo<\/li>\n<li><a href=\"http:\/\/www.vocanson-prod.fr\/v3\/portfolio_tag\/nivea\/\">Nivea<\/a><\/li>\n<li><a href=\"http:\/\/www.vocanson-prod.fr\/v3\/portfolio_tag\/paul-paulet\/\">Paul Paulet<\/a><\/li>\n<li>Pierre et Marie Curie<\/li>\n<li>PSA Peugeot Citro\u00ebn<\/li>\n<li><a href=\"http:\/\/www.vocanson-prod.fr\/v3\/portfolio_tag\/ronce-immobilier\/\">Ronce Immobilier<\/a><\/li>\n<li>Sidel<\/li>\n<li>Siemens<\/li>\n<li>Sony<\/li>\n<li>Studio Multim\u00e9dia<\/li>\n<li>Task<\/li>\n<li><a href=\"http:\/\/www.vocanson-prod.fr\/v3\/portfolio_tag\/tee\/\">TEE<\/a> <em>&#8211; Territoire Emploi Environnement<\/em><\/li>\n<li>Toshiba<\/li>\n<li>Trabeco<\/li>\n<li>Th\u00e9\u00e2tre National de l&rsquo;Agora d&rsquo;EVRY<\/li>\n<li>Unilever<\/li>\n<li><a href=\"http:\/\/www.vocanson-prod.fr\/v3\/portfolio_tag\/urbaine-de-travaux\/\">Urbaine de travaux<\/a><\/li>\n<li>VirtuoFacto<\/li>\n<li><a href=\"http:\/\/www.vocanson-prod.fr\/v3\/portfolio_tag\/ville-du-bois\/\">Ville du bois<\/a><\/li>\n<li>ZigZag<\/li>\n<\/ul>\n","protected":false},"excerpt":{"rendered":"<p>Je travaille aussi bien avec des grands groupes qu&rsquo;avec des PME, des associations, des auto-entrepreneurs ou encore des organismes d&rsquo;\u00e9tat. Je r\u00e9alise des projets de toutes tailles et en tous genres utilisant des comp\u00e9tences diff\u00e9rentes. Mon m\u00e9tier consiste \u00e0 m&rsquo;adapter &hellip; <a class=\"kt-excerpt-readmore more-link\" href=\"https:\/\/www.vocanson-prod.fr\/v3\/clients\/\">Read More<\/a><\/p>\n","protected":false},"author":2,"featured_media":0,"parent":0,"menu_order":0,"comment_status":"closed","ping_status":"closed","template":"","meta":{"kt_blocks_editor_width":"","_monsterinsights_skip_tracking":false,"_monsterinsights_sitenote_active":false,"_monsterinsights_sitenote_note":"","_monsterinsights_sitenote_category":0},"_links":{"self":[{"href":"https:\/\/www.vocanson-prod.fr\/v3\/wp-json\/wp\/v2\/pages\/18"}],"collection":[{"href":"https:\/\/www.vocanson-prod.fr\/v3\/wp-json\/wp\/v2\/pages"}],"about":[{"href":"https:\/\/www.vocanson-prod.fr\/v3\/wp-json\/wp\/v2\/types\/page"}],"author":[{"embeddable":true,"href":"https:\/\/www.vocanson-prod.fr\/v3\/wp-json\/wp\/v2\/users\/2"}],"replies":[{"embeddable":true,"href":"https:\/\/www.vocanson-prod.fr\/v3\/wp-json\/wp\/v2\/comments?post=18"}],"version-history":[{"count":7,"href":"https:\/\/www.vocanson-prod.fr\/v3\/wp-json\/wp\/v2\/pages\/18\/revisions"}],"predecessor-version":[{"id":12920,"href":"https:\/\/www.vocanson-prod.fr\/v3\/wp-json\/wp\/v2\/pages\/18\/revisions\/12920"}],"wp:attachment":[{"href":"https:\/\/www.vocanson-prod.fr\/v3\/wp-json\/wp\/v2\/media?parent=18"}],"curies":[{"name":"wp","href":"https:\/\/api.w.org\/{rel}","templated":true}]}}